Suppose -5*x + 6*x + b = 0. Let a = x - -51. What is the tens digit of a?
1
Let q(z) = 6*z**2 - 144*z + 82. What is the hundreds digit of q(27)?
5
Suppose 7*z + 3969 = -2*z. What is the tens digit of 12*(z/(-12))/7?
6
Let i(a) = 20*a - 16 - 25*a + 3. Suppose -b = 3*l + 30, -31 = -5*l - 3*b - 77. What is the units digit of i(l)?
2
Let t be (-8)/4*1/(-2). Suppose 4*j - 28 = -2*q, -2*q + j - t = -9. Suppose 6 = v - q. What is the units digit of v?
2
Let a(y) = y + 1. Let t(f) = -11*f - 16. Let z(m) = 4*a(m) + t(m). What is the tens digit of z(-13)?
7
Let a = 49 - 44. Suppose 0 = -a*t + 877 + 98. What is the tens digit of t?
9
Let y be 2/(-8) + 106/8. Let u = 143 - y. What is the units digit of u?
0
Let u = 15 + 15. Let f = 83 - u. What is the tens digit of f?
5
Let c be (-1 + 119)/((-2)/2). Let z = -16 - c. What is the units digit of z?
2
Let v(k) = -3 - 12*k + 4 + 31*k + k**2 - 15*k. What is the units digit of v(-9)?
6
Suppose i - 28 - 142 = 0. Suppose -2*y - 5*x + 106 = 0, 3*y + x - i = -x. What is the units digit of y?
8
What is the units digit of (18/(-4))/((-120)/27280)?
3
Suppose 2*m - 1 = -3*b, -2*b + m = -m + 16. Let z(d) = 13*d**2 - d - 12. What is the hundreds digit of z(b)?
1
Let u be (-20)/(-30)*6/1. Suppose -5*i = -2*i + 5*c - 23, 4*c - 20 = -u*i. What is the tens digit of 15/(-60)*(i - 69)?
1
Suppose -103142 + 17637 = -35*d. What is the hundreds digit of d?
4
Let x = -57 + 57. Let p(f) = f + 20. What is the units digit of p(x)?
0
Suppose -3*n + 384 = -n. Suppose -45*i + 1570 = 220. Suppose n = -i*x + 33*x. What is the units digit of x?
4
Suppose -d - 17 = -5*t, 0 = 4*d - 2*t - 4. Suppose 4*b + 20 = 0, -b = d*m - 149 - 38. What is the units digit of m?
4
Let u(c) = -c**2. Let j(i) = -7*i**2 - 6*i + 4. Let b(p) = j(p) - 6*u(p). Let t(z) = z - 2. Let h be t(-3). What is the units digit of b(h)?
9
What is the units digit of (-8)/24 - 1496/(-6)?
9
Suppose 8*j - 535 = -4*f + 7*j, -f - 4*j + 115 = 0. What is the units digit of f?
5
Suppose -4*r + 5*y = -9*r + 425, -4*r - 3*y + 337 = 0. What is the tens digit of r?
8
Suppose -n - 5*t = -3, 4 = n + 2*t + 10. What is the tens digit of -138*3/n*(-8)/(-6)?
4
Suppose -3*z = 2*z + 4*s - 53, -4*z - 4*s = -44. Suppose -b + 6 = -0*b. Suppose -z = -b*n + 5*n. What is the units digit of n?
9
Let k(u) be the third derivative of -u**4/24 + u**3/2 - 15*u**2. Let x be ((1 + 0)*-6)/1. What is the units digit of k(x)?
9
Suppose 0 = 16*q - 8*q - 5960. Suppose -q = -5*l + 45. What is the units digit of l?
8
Suppose -5*j - 5*l = 60, -4*j - l = 18 + 15. What is the units digit of 4/28 - 258/j?
7
What is the hundreds digit of (-2)/(-3)*(-6 - 9909/(-6))?
0
Let h be (-8)/2*(-1)/2. Suppose 3*g = -3*u + h*u, 0 = -4*g - 2*u. Suppose -3*c + g*z + 71 = -z, -3*c = 2*z - 65. What is the tens digit of c?
2
Let x(y) = 3*y**3 + 37*y**2 + y - 13. What is the tens digit of x(-12)?
1
Let f = -25 - -29. Suppose f*x - 81 = 171. What is the units digit of x?
3
Let x(m) = 19*m**3 + 2*m**2 - 5*m + 2. What is the tens digit of x(3)?
1
Let c = -49 - -40. Let d(p) = -p**2 - 12*p - 17. What is the tens digit of d(c)?
1
Let h = -26 - -32. Suppose -5*x = -h*x. Suppose -r + 4*r - 123 = x. What is the tens digit of r?
4
Let d(w) = -32*w + 299. What is the tens digit of d(-25)?
9
Suppose 306 = d - 474. What is the units digit of d?
0
Let f = 401 + -208. Suppose 3*c - f - 105 = -q, 4*q = -c + 114. What is the tens digit of c?
9
Suppose -1069 = -a + 560. What is the hundreds digit of a?
6
What is the tens digit of 1/(-5 - 53/(-11))*-186?
2
Suppose t + 4*b + 9 + 6 = 0, -5*t + 5*b + 50 = 0. Suppose 2*v = -v - t*f + 152, 3*f - 210 = -4*v. Suppose 2*u = v + 8. What is the tens digit of u?
3
Suppose 4*m = 10*m + 102. Let d(j) = 2*j - j - 5 + 23. What is the units digit of d(m)?
1
Let y(c) = -4*c - 19. Let r be y(-6). Suppose -r*f - 2*f = -35. What is the units digit of f?
5
What is the hundreds digit of (-2)/((-2)/329) + (-60)/(-15)?
3
Let r be 2/(-6) + (-13)/(-3). Suppose -7*w + 4*w = -v + 2, r*v - 16 = 4*w. What is the units digit of 26 + -1*(2 - w)?
5
Let w(d) = -d + 1. Let m be w(-7). What is the tens digit of 26*(-2)/(4 - m)?
1
Let l(h) = -17*h - 25. Suppose -21*z - 55 = -16*z. What is the tens digit of l(z)?
6
Let t be (-2)/7 + (-160)/28. Let p be t/12 - 50/(-4). What is the units digit of (12/9)/2*p?
8
Let r(j) = -j**3 + 3*j**2 + 5*j + 1. Let y be (8/(-16))/((-1)/(-10)). Let k be r(y). Suppose -4*c - 52 = -k. What is the tens digit of c?
3
Let s(g) be the third derivative of 35/24*g**4 - 1/3*g**3 + 4*g**2 + 0*g + 0. What is the tens digit of s(1)?
3
What is the units digit of ((-212)/318)/((-2)/375)?
5
Suppose 5*u + 4*i = -0*u + 154, 26 = u + 2*i. Let n = u - -11. What is the tens digit of n?
4
Let b = -7 + 9. Let s(x) = -13*x - b*x + 2*x - 9*x - 2. What is the tens digit of s(-1)?
2
Let f = 209 + 229. What is the hundreds digit of f?
4
Let j(z) = -24*z + 419. What is the hundreds digit of j(-25)?
0
Let r = 10 - -8. Let z = r - 16. What is the units digit of z?
2
Let r(q) = 13*q**2 - q + 4. Let l be r(-4). Suppose -l = -12*z + 6*z. What is the units digit of z?
6
Let b(o) = -o**2 - 18*o - 91. Let x be b(-21). Let a = -147 - x. What is the units digit of a?
7
Let a(u) = -u**3 + 4*u**2 + 6*u - 3. Let y be a(5). Suppose 5*q = -y*c + 80, -4*q + 61 + 3 = -c. What is the units digit of 6*q/18*3?
6
Let z(l) = l**3 - 15*l**2 + 94*l - 11. What is the units digit of z(13)?
3
Suppose 118 = 2*f + 114. Let l be 15/9 - (-3)/9. Suppose -f*z = 5*c + l*z - 35, -5*z = -25. What is the units digit of c?
3
Suppose 0 = 13*a + 21 + 83. What is the tens digit of a/(-4) - (3 - 65/1)?
6
Let z(m) = 61*m**3 - 6*m**2 - 2*m - 4. What is the hundreds digit of z(3)?
5
What is the hundreds digit of (4 + -6 + -1 + 2)*-173?
1
Suppose -5*n + 12*y - 8*y + 6775 = 0, 3*n - 4043 = -2*y. What is the hundreds digit of n?
3
Let m = -9 - -13. Suppose 2*h + 114 = 4*j - 82, 5*j + m*h - 271 = 0. Let p = j + -36. What is the tens digit of p?
1
Let h(m) = 0 - 3 - 4*m**2 + m**3 - 30*m + 31*m. Let q be h(4). What is the tens digit of -4*39/(-6) + q?
2
Let u(k) = -22*k + 36. Suppose -21 = 3*c + 9. What is the hundreds digit of u(c)?
2
Let b be 8 + -13 - (-3 + 3). Let f(l) = -5*l + 47. What is the units digit of f(b)?
2
Let q(r) = 2*r + 105. What is the units digit of q(-24)?
7
Suppose 2*s - 6*y + y - 10 = 0, -4*s = 3*y - 46. Let n(u) = 2*u**2 - 5 - u**2 - 8*u - 1. What is the tens digit of n(s)?
1
Let k(n) = -22*n - 3. Let t be k(-1). Suppose 5*o = 8*o + 12. What is the tens digit of t + o*2/(-8)?
2
What is the hundreds digit of -1 - -1252 - 9/1?
2
Let y(b) = -3*b - 3. Let h be y(-2). Suppose -2*g - 3*r = -5*g + 18, -r + 26 = h*g. What is the units digit of g?
8
Let u(r) = r**3 - 8*r**2 - 10*r**2 - 3*r**2 - 23 + 22*r. Let f be u(20). Let c = f + 20. What is the units digit of c?
7
Let s = 359 + -233. Let y = 37 + s. What is the units digit of y?
3
Let z(c) = 2*c - 28. Let p be z(15). What is the units digit of 3 - (-8 - p)*(-13)/(-2)?
8
Let t(p) = -5*p + 13. Let d be 72/90 + (-48)/10. What is the units digit of t(d)?
3
Let o = 49 + -26. Suppose 4*x - o = 6*x - 5*p, p = 3*x + 28. Let f = x + 37. What is the tens digit of f?
2
Suppose 26*x - 20*x = 4926. What is the units digit of x?
1
Suppose 2*l = 5*f + 2 + 54, -f = 3*l - 101. Suppose -3*w - 51 = -3*c, 4*c - 37 = 5*w + l. What is the units digit of c?
5
Suppose 167*c - 163*c = 1608. What is the units digit of c?
2
Suppose -7*m = -5*m - 10. Suppose -m*b + 474 = 29. What is the units digit of b?
9
Suppose -3*c + 2*p = 163, -c + 0*c = -5*p + 37. Let a be -8 + 8 - (0 + c). Suppose 2*d + d - a = 0. What is the units digit of d?
9
Let q be (-3)/((-1)/1) - (1 - 3). Suppose 220 = v - 3*u, -q*v - 3*u = 2*u - 1060. What is the tens digit of v?
1
Suppose 1528 = -2*l + 2*i, -4*l - l - 2*i = 3813. Let v = 1068 + l. What is the tens digit of v/20 + 3/(-12)?
1
Suppose -10*r + 15855 = 5*r. What is the units digit of r?
7
Let j = -27 + 32. Suppose -w - 368 = -j*w. What is the tens digit of w?
9
Suppose -c = -4*v + 6 - 1, 3*v = -2*c - 10. Suppose 2*l + 2*f - 68 = v, 0*f - 4 = -f. What is the tens digit of l?
3
Suppose 5*o - 2*r = 20 - 1, 4*o = -2*r + 8. Let z(t) be the third derivative of t**5/30 - t**4/24 + t**3/2 - 11*t**2. What is the units digit of 